List the prime factors of 1981.
7, 283
What are the prime factors of 5898?
2, 3, 983
List the prime factors of 218.
2, 109
List the prime factors of 105872.
2, 13, 509
What are the prime factors of 35276?
2, 8819
List the prime factors of 24439.
24439
List the prime factors of 20.
2, 5
List the prime factors of 2665.
5, 13, 41
List the prime factors of 7012.
2, 1753
List the prime factors of 2928.
2, 3, 61
What are the prime factors of 598?
2, 13, 23
List the prime factors of 67365.
3, 5, 499
What are the prime factors of 5402?
2, 37, 73
List the prime factors of 10285.
5, 11, 17
What are the prime factors of 16827?
3, 71, 79
List the prime factors of 406.
2, 7, 29
What are the prime factors of 119?
7, 17
What are the prime factors of 18787?
18787
List the prime factors of 16273.
16273
List the prime factors of 3793.
3793
What are the prime factors of 8287?
8287
List the prime factors of 2195.
5, 439
List the prime factors of 956.
2, 239
List the prime factors of 5856.
2, 3, 61
What are the prime factors of 28636?
2, 7159
List the prime factors of 685.
5, 137
What are the prime factors of 31746?
2, 3, 11, 13, 37
List the prime factors of 16157.
107, 151
List the prime factors of 1277.
1277
List the prime factors of 4526.
2, 31, 73
List the prime factors of 2006.
2, 17, 59
List the prime factors of 2275.
5, 7, 13
What are the prime factors of 5507?
5507
List the prime factors of 1707.
3, 569
List the prime factors of 6299.
6299
What are the prime factors of 7024?
2, 439
What are the prime factors of 15266?
2, 17, 449
What are the prime factors of 145975?
5, 5839
What are the prime factors of 56468?
2, 19, 743
What are the prime factors of 1133?
11, 103
List the prime factors of 6161.
61, 101
What are the prime factors of 9399?
3, 13, 241
What are the prime factors of 651?
3, 7, 31
List the prime factors of 6317.
6317
What are the prime factors of 820?
2, 5, 41
List the prime factors of 11230.
2, 5, 1123
What are the prime factors of 1291?
1291
What are the prime factors of 13762?
2, 7, 983
What are the prime factors of 1482?
2, 3, 13, 19
What are the prime factors of 39975?
3, 5, 13, 41
List the prime factors of 16423.
11, 1493
List the prime factors of 115752.
2, 3, 7, 13, 53
What are the prime factors of 3229?
3229
List the prime factors of 126174.
2, 3, 17, 1237
List the prime factors of 116078.
2, 127, 457
List the prime factors of 4397.
4397
List the prime factors of 48271.
48271
List the prime factors of 4690.
2, 5, 7, 67
What are the prime factors of 50196?
2, 3, 47, 89
List the prime factors of 114.
2, 3, 19
List the prime factors of 72423.
3, 13, 619
List the prime factors of 243.
3
List the prime factors of 11.
11
What are the prime factors of 3153?
3, 1051
List the prime factors of 36476.
2, 11, 829
List the prime factors of 3655.
5, 17, 43
What are the prime factors of 136348?
2, 89, 383
What are the prime factors of 1394?
2, 17, 41
What are the prime factors of 28620?
2, 3, 5, 53
List the prime factors of 34630.
2, 5, 3463
What are the prime factors of 1135?
5, 227
List the prime factors of 1197.
3, 7, 19
What are the prime factors of 216?
2, 3
What are the prime factors of 285?
3, 5, 19
What are the prime factors of 24669?
3, 2741
What are the prime factors of 80?
2, 5
What are the prime factors of 1050?
2, 3, 5, 7
List the prime factors of 24697.
24697
What are the prime factors of 123?
3, 41
List the prime factors of 17628.
2, 3, 13, 113
What are the prime factors of 133?
7, 19
List the prime factors of 576.
2, 3
What are the prime factors of 5903?
5903
List the prime factors of 110661.
3, 36887
List the prime factors of 26063.
67, 389
What are the prime factors of 4889?
4889
List the prime factors of 10877.
73, 149
List the prime factors of 2462.
2, 1231
List the prime factors of 35342.
2, 41, 431
List the prime factors of 421.
421
List the prime factors of 72.
2, 3
What are the prime factors of 2134?
2, 11, 97
List the prime factors of 16687.
11, 37, 41
What are the prime factors of 12602?
2, 6301
What are the prime factors of 5102?
2, 2551
What are the prime factors of 7341?
3, 2447
What are the prime factors of 4447?
4447
List the prime factors of 1451.
1451
List the prime factors of 1483.
1483
List the prime factors of 5448.
2, 3, 227
List the prime factors of 21.
3, 7
List the prime factors of 12771.
3, 11, 43
What are the prime factors of 56544?
2, 3, 19, 31
List the prime factors of 4810.
2, 5, 13, 37
What are the prime factors of 2481?
3, 827
List the prime factors of 180.
2, 3, 5
List the prime factors of 1140.
2, 3, 5, 19
What are the prime factors of 573?
3, 191
What are the prime factors of 23443?
7, 17, 197
List the prime factors of 7793.
7793
What are the prime factors of 8368?
2, 523
List the prime factors of 4653.
3, 11, 47
List the prime factors of 18957.
3, 71, 89
What are the prime factors of 6651?
3, 739
What are the prime factors of 3234?
2, 3, 7, 11
List the prime factors of 13710.
2, 3, 5, 457
List the prime factors of 2769.
3, 13, 71
List the prime factors of 627.
3, 11, 19
What are the prime factors of 3154?
2, 19, 83
List the prime factors of 1217.
1217
List the prime factors of 8319.
3, 47, 59
List the prime factors of 67367.
23, 29, 101
What are the prime factors of 21736?
2, 11, 13, 19
What are the prime factors of 32833?
32833
List the prime factors of 44208.
2, 3, 307
List the prime factors of 13613.
13613
List the prime factors of 137099.
47, 2917
What are the prime factors of 1865?
5, 373
List the prime factors of 492.
2, 3, 41
List the prime factors of 1451.
1451
What are the prime factors of 2079?
3, 7, 11
What are the prime factors of 2024?
2, 11, 23
What are the prime factors of 26246?
2, 11, 1193
What are the prime factors of 52791?
3, 17597
What are the prime factors of 7032?
2, 3, 293
What are the prime factors of 9537?
3, 11, 17
List the prime factors of 1255.
5, 251
What are the prime factors of 485?
5, 97
List the prime factors of 25.
5
What are the prime factors of 27982?
2, 17, 823
What are the prime factors of 2122?
2, 1061
What are the prime factors of 416?
2, 13
List the prime factors of 8510.
2, 5, 23, 37
List the prime factors of 2721.
3, 907
List the prime factors of 9901.
9901
What are the prime factors of 301?
7, 43
What are the prime factors of 10520?
2, 5, 263
List the prime factors of 6604.
2, 13, 127
List the prime factors of 21327.
3, 7109
List the prime factors of 15940.
2, 5, 797
List the prime factors of 209.
11, 19
What are the prime factors of 5966?
2, 19, 157
List the prime factors of 1727.
11, 157
List the prime factors of 21830.
2, 5, 37, 59
List the prime factors of 824.
2, 103
List the prime factors of 124971.
3, 7, 11, 541
List the prime factors of 245.
5, 7
List the prime factors of 70178.
2, 35089
What are the prime factors of 237?
3, 79
What are the prime factors of 79436?
2, 7, 2837
What are the prime factors of 2080?
2, 5, 13
List the prime factors of 9983.
67, 149
What are the prime factors of 1677?
3, 13, 43
List the prime factors of 15343.
67, 229
List the prime factors of 165067.
7, 23581
What are the prime factors of 40101?
3, 13367
List the prime factors of 13207.
47, 281
What are the prime factors of 368?
2, 23
List the prime factors of 959.
7, 137
What are the prime factors of 2187?
3
What are the prime factors of 4135?
5, 827
List the prime factors of 21654.
2, 3, 401
List the prime factors of 22946.
2, 7, 11, 149
List the prime factors of 109132.
2, 27283
What are the prime factors of 7001?
7001
What are the prime factors of 5310?
2, 3, 5, 59
List the prime factors of 632.
2, 79
List the prime factors of 1187.
1187
List the prime factors of 21636.
2, 3, 601
What are the prime factors of 9265?
5, 17, 109
What are the prime factors of 89169?
3, 29723
List the prime factors of 888.
2, 3, 37
List the prime factors of 511.
7, 73
What are the prime factors of 15334?
2, 11, 17, 41
List the prime factors of 1385.
5, 277
List the prime factors of 33406.
2, 16703
List the prime factors of 17933.
79, 227
List the prime factors of 9035.
5, 13, 139
List the prime factors of 27477.
3, 43, 71
List the prime factors of 1837.
11, 167
What are the prime factors of 1209?
3, 13, 31
List the prime factors of 347.
347
List the prime factors of 914.
2, 457
List t